 be (20/6)/(f/(-4554)). What is the highest common factor of 66 and b?
33
Let a(p) = 50*p - 56. Let s be a(2). Suppose 26 = -31*i + s*i. What is the greatest common factor of i and 82?
2
Let z(w) = 9*w**2 - 5*w - 5. Let h be z(-3). Let c(j) = 2*j**2 - 2*j - 3. Let t be c(5). Let p = h - t. Calculate the greatest common divisor of 6 and p.
6
Let d = 122 + -122. Suppose d = -28*x + 18*x + 440. Let y(t) = 34*t**2 + t - 1. Let k be y(3). Calculate the greatest common factor of k and x.
44
Let b(h) = 84*h**2 + 12*h + 50. Let k be b(-3). What is the highest common factor of 2090 and k?
110
Let y(u) = -4*u**3 - 7*u**2 - 2*u + 10. Let g be y(-4). Let o be 6 + (19 - -3) + 8. What is the greatest common factor of g and o?
18
Let d = 1942 - 1940. Suppose -33 = -2*l + 35. Calculate the greatest common factor of l and d.
2
Suppose -41889 = 131*q - 180*q - 14988. What is the greatest common divisor of 18 and q?
9
Suppose m + m = -4*u + 988, 5*m = -3*u + 755. Let q be (5/20)/(9/108). Let s(d) = -d**2 + 16*d - 4. Let w be s(q). What is the highest common factor of w and u?
35
Let u(q) = -7*q**3 - 31*q**2 - 25*q - 182. Let m be u(-19). What is the greatest common divisor of m and 130?
65
Let k = 33 - 6. Suppose -37*p + 32*p + 633 = n, -3*p + 5*n + 363 = 0. What is the greatest common divisor of k and p?
9
Suppose 3*y - 364 = 5*p, -6*y - 4*p + 619 = -y. Calculate the greatest common divisor of y and 451.
41
Let x(a) = -10*a - 13. Let h be x(-6). Suppose -14*j + h*j = 34155. Calculate the highest common factor of 45 and j.
45
Let l = 349 + -353. Let j be ((-4)/l)/((-3)/(-15)) + 203. Calculate the greatest common factor of 16 and j.
16
Suppose -5*i - 2*y - 34 = -220, 3*y = 2*i - 63. Calculate the greatest common factor of 2043 and i.
9
Suppose 136*t = 133*t + 429. Suppose r - t = -53. Calculate the highest common divisor of r and 18.
18
Let q(o) = 424*o**2 - 20*o + 4. Let k be q(-1). Calculate the greatest common factor of 84 and k.
28
Suppose -45*i + 4060 = 3*q - 50*i, 0 = 3*q - 3*i - 4068. Calculate the highest common factor of q and 68.
68
Let x = -241 - -244. Let j be 315/14*14/x. Calculate the greatest common divisor of 42 and j.
21
Let w be (-9)/3*(51/9 + -5). Let y(k) = 30*k**2 + 2*k + 4. Let g be y(w). Calculate the greatest common divisor of g and 20.
20
Let i be 66/7 - 63/147. Calculate the greatest common divisor of 8 and i.
1
Suppose 21*p = 14*p + 14224. Let y be 20/(-25) + p/40. Calculate the highest common divisor of y and 80.
10
Suppose 2*x - 37*s - 1822 = -33*s, 2*x = 2*s + 1808. Calculate the highest common factor of x and 702.
39
Suppose -51*j - 8*j + 13629 = 0. Suppose 0 = 5*h + 3*x - 197 - 553, 3*h = -5*x + 434. Suppose 0 = -6*z + h + j. Calculate the highest common divisor of z and 8.
8
Let p(r) = -3*r**3 - 8*r**2 - 8*r - 25. Let z be p(-5). Suppose 0 = 3*f + a - 95, 38*f = 33*f + 3*a + 135. What is the highest common divisor of z and f?
10
Let m(f) = 22*f**2 - 1139*f + 118. Let n be m(52). What is the highest common divisor of 392 and n?
14
Suppose -19 - 2 = -n. Suppose -4*b + 0*w + n = -w, 3*w - 3 = b. Let o be 1 - (-49 - (b - 4)). Calculate the greatest common factor of 13 and o.
13
Let i = -874 + 451. Let w = i + 451. Calculate the greatest common divisor of w and 224.
28
Let z(u) = -193*u**3 + 7*u + 6. Let a be z(-1). Suppose -191*t - 165 = -a*t. What is the highest common divisor of t and 60?
15
Let v(w) = -22*w + 283. Let s(y) = 11*y - 141. Let d(o) = -5*s(o) - 3*v(o). Let k be d(20). Calculate the greatest common divisor of 190 and k.
38
Let m(f) = 3*f**3 - f**2 - 3*f - 5. Let v be m(2). What is the highest common divisor of 2883 and v?
3
Let k = -23240 - -24122. What is the highest common factor of k and 1278?
18
Let o = -2681 + 2746. What is the highest common divisor of o and 7085?
65
Suppose 0*c + 2*c = 10. Let y(w) = w**2 + 4*w - 5. Let n be y(c). Suppose s = 2*x - 38, 2*x + 3*s + 94 = 7*x. What is the greatest common divisor of n and x?
20
Let f = -644 - -700. Let d be (3/(-2))/((-1)/16). Calculate the greatest common factor of f and d.
8
Let s(u) = -u**3 - 15*u**2 + 39*u + 59. Let i be s(-17). Let o be ((-5)/4)/(i/3432). Calculate the greatest common divisor of o and 30.
15
Let h be 93/(-12)*2*(3744/16)/(-9). What is the greatest common divisor of h and 279?
31
Let b(y) = y**3 + 3*y**2 - 6*y - 10. Let g be b(-3). Let o be -45*(-20)/24*g/10. Calculate the highest common factor of 20 and o.
10
Suppose -108*h = 186*h - 106134. What is the highest common divisor of 1102 and h?
19
Suppose 8*z - 189 = 91. Suppose z*o - 39*o = -8. Let q(i) = 3*i**2 - 2*i - 2. Let x be q(-2). Calculate the highest common divisor of x and o.
2
Let w = 17710 + -16845. What is the highest common divisor of w and 519?
173
Let r = -34 + 46. Let p = 30 - r. Let x = 38 - 11. Calculate the highest common factor of x and p.
9
Let p = 18 + 4. Let y be (-1 + 3)*(8 - (-115)/2). Let t = 241 - y. What is the greatest common factor of p and t?
22
Suppose 38*t - 4479 = -3681. What is the highest common factor of 9 and t?
3
Let h be 135/(-20)*3616/(-12). Calculate the highest common divisor of 9 and h.
9
Suppose 0 = -440*w + 422*w + 11250. Calculate the greatest common divisor of w and 325.
25
Let c = 364 + -167. Suppose 2*r = 2*l + 128, 5*l + c = 3*r + 1. What is the greatest common factor of 124 and r?
62
Let p be -3*(-14)/6 + -2. Let s be p - 4 - (-217 - -1). Let c = 14243 + -14212. Calculate the highest common factor of c and s.
31
Suppose 18*u - 31 = -85. Let r(x) = -x**2 + x + 15. Let v be r(u). What is the greatest common divisor of 1 and v?
1
Let c be -1 - (-3)/(-9) - 2620/15. Let l = 266 + c. Calculate the highest common divisor of 480 and l.
30
Let d(h) = 2*h**2 - 24*h - 278. Let s be d(-15). What is the greatest common factor of 608 and s?
76
Let p be (32/(-4))/(2 + 12/(-9)). Let h be (-1*(-20)/15)/((-4)/p). Let k = 13 - h. What is the highest common divisor of 9 and k?
9
Let o be (0 - -6) + 390/(-12)*-8. What is the greatest common divisor of o and 42?
14
Let b be ((-132)/14 - -10)*1841/2. Let m = b + 35. Calculate the highest common divisor of 17 and m.
17
Let z = 400 + -324. Suppose -f = -0*c - 5*c + z, -12 = -c + f. Calculate the highest common factor of c and 20.
4
Let l be (-10 - -9) + (-36)/(-4) + 45. Suppose -379 = -m - 5*k + 60, 5*m - 2135 = -5*k. Calculate the highest common divisor of l and m.
53
Let d(i) be the first derivative of -i**3/3 + 22*i + 7. Let w be d(0). Let z be 4/(-4) + 11 + -3 - 5. What is the greatest common factor of z and w?
2
Suppose 8*i - 237 = -2*m + 7*i, -2*m = -3*i - 281. Suppose 0 = 3*x - 2*l - 269, 191 = 2*x - l + 2*l. What is the greatest common divisor of x and m?
31
Suppose b + 4*b - 5*k = 150, 5*b - 3*k - 146 = 0. Suppose -56*l = 286*l - 1368. Calculate the greatest common divisor of l and b.
4
Let a(p) = -3*p**3 + 95*p**2 - 39*p + 3. Let k be a(9). Calculate the greatest common divisor of 24 and k.
24
Let i = -212 + 365. Let g = i + -149. Calculate the highest common divisor of g and 148.
4
Suppose -3 - 8 = 11*m. Let h = 3 + m. Suppose h*d + 3*k - 18 - 17 = 0, 5*k + 25 = 0. What is the highest common factor of d and 10?
5
Let l be -1 - (-5 - (-1 - 6/(-3))). Suppose 0 = -15*b + l*b + 80. Let g(m) = 2*m + 17. Let t be g(-8). What is the greatest common factor of b and t?
1
Let y = -11029 + 19048. Calculate the greatest common divisor of 198 and y.
99
Let x = 1780 - 1731. Calculate the greatest common divisor of 7448 and x.
49
Suppose 33*p = 28*p + 20. Suppose 0 = 7*y + p*y - 1254. Calculate the highest common divisor of 6 and y.
6
Let k(u) = 215*u - 4343. Let x be k(48). What is the greatest common factor of x and 43?
43
Suppose -12 = -11*d - 1. Let l(u) = -u**2 + 2*u + 5. Let c be l(3). Let o be (d + (-1)/c)*(5 + -3). Calculate the greatest common factor of o and 13.
1
Suppose 88 = -11*s + 19*s. Let t(b) = 11*b - 11. Suppose -8*w + 3*w - 5 = 0, 5*y - 4*w = 54. Let c be t(y). What is the highest common divisor of s and c?
11
Let x(u) = -1787*u + 2046. Let y be x(-5). What is the greatest common factor of 139 and y?
139
Let h be 10 + -9 - 14*-1*1. Let k be (15/(-6) - 0)*-6. Calculate the greatest common factor of k and h.
15
Suppose -z + 3*z - 108 = 0. Let f(q) = -q + 5. Let m be f(-1). Suppose -m = 2*u, h + 5*u - 6